 Calculate the greatest common divisor of m and 104.
104
Suppose 20*b - 158694 + 97825 = 141891. What is the highest common factor of b and 148?
74
Suppose 2*v + 4*j - 5035 = -v, 4*v = -j + 6735. What is the greatest common factor of v and 10?
5
Let w be 0 + 53 - (-3 + -3 + 1). What is the greatest common factor of 290 and w?
58
Suppose 4286*n - 4276*n - 24892 - 36338 = 0. Calculate the greatest common divisor of n and 195.
39
Let d be (33/(-9))/(0 - (-2)/(-18)). Let g(u) = 3*u**2 - u + 2. Let t be g(-3). Let v = d - t. What is the highest common factor of v and 7?
1
Suppose 5*z + b + 2*b = 1311, 0 = -4*b - 12. Suppose 0 = 56*u - 641 - 31. Calculate the greatest common factor of z and u.
12
Let u be (-6)/21 - (-366)/7. Suppose -314*o + 347*o - 429 = 0. Calculate the highest common divisor of o and u.
13
Let x = 2223 + -1754. Calculate the highest common divisor of 7 and x.
7
Let u = -146 + 206. Let a = u + -63. Let c be (-162)/(-24) + a/(-12). What is the highest common divisor of 1 and c?
1
Suppose z = -h + 319, -3*h - 2*z + 980 - 27 = 0. Let u = 331 - h. Let y = 83 + -51. What is the highest common factor of u and y?
16
Let y(u) = 2*u**2 - 14*u + 24. Let g(q) = q + 24. Let p be g(-10). Let b be y(p). Let d = -212 - -232. Calculate the highest common divisor of b and d.
20
Let d = 643 - 643. Suppose -2*o - 17*o + 665 = d. Let w(k) = k**2 + 7*k - 1. Let m be w(-8). Calculate the greatest common divisor of m and o.
7
Suppose 3*r = 3*g - 981, 14*r = -6*g + 9*r + 1885. What is the highest common divisor of 145 and g?
5
Suppose 3*k = p - 5*p + 29, 4*p - 8 = 0. Let d(q) = -41*q**3 + q**2. Let s be d(-1). Suppose 5*w = k*w - s. Calculate the greatest common divisor of 21 and w.
21
Let u be 70/945 + 36820/108. Suppose 3*s = -2*b + 115, 3*b + 3*s - 180 = s. What is the greatest common divisor of b and u?
31
Let t = 6305 + -2708. Calculate the greatest common divisor of 33 and t.
33
Let a = -47723 + 62729. Calculate the greatest common factor of a and 1098.
366
Suppose 10 = -2*d, 64*o + 689 = 66*o - d. What is the highest common factor of 18 and o?
18
Let y(n) = -11 + 5*n + n + 59 + 13. Let s be y(-10). Calculate the greatest common divisor of 19 and s.
1
Let y(h) = -2 + 4*h + 0 + 112*h**2 - 2*h**3 - 213*h**2 + 105*h**2. Let n be y(-2). What is the highest common divisor of n and 66?
22
Let u be (-2404)/(-6)*-8*3/(-16). Let r = u - 590. What is the greatest common divisor of r and 297?
11
Let p be (-46)/4*(-6)/3. Suppose 0 = -d - 2 + p. Let t = -3445 - -3459. Calculate the highest common divisor of t and d.
7
Let x be 6/(-4)*(-6846)/(-4)*(-14400)/5400. What is the greatest common factor of 84 and x?
42
Let v be 30/3*(-1)/((-60)/312). Calculate the greatest common divisor of 16 and v.
4
Let v be (-174)/4*(96/(-18))/8. Let g be (-8)/40 + (-4064)/(-20). What is the highest common divisor of v and g?
29
Suppose 5*n = -0*n + 830. Suppose -4*h - 26 + n = 0. Let r be ((-14)/(-3))/(66/(-99))*-25. What is the highest common divisor of h and r?
35
Suppose 33323 = -0*v + 5*v + w, -v + 5*w = -6701. What is the highest common divisor of 22 and v?
22
Let m(s) = -s**3 + 4*s**2 - 15*s + 12. Let l be m(3). Let a be (-435)/l - (-3)/(-24). Suppose 4*v = -230 + 734. Calculate the highest common factor of v and a.
18
Let s(i) = -3065*i - 1011. Let l be s(-7). What is the greatest common factor of 152 and l?
76
Let n be ((-6)/1)/2 - (38 - -186). Let h = 242 + n. Calculate the highest common factor of h and 40.
5
Suppose -180*z + 84*z + 87*z + 405 = 0. What is the greatest common factor of 1875 and z?
15
Suppose 544 = -19*i + 27*i. Suppose 167 + i = k + 5*r, 0 = -5*r + 15. What is the highest common divisor of k and 60?
20
Let y(p) = 30*p**2 + 8*p - 3. Let r(a) = -a**3 - 36*a**2 + 38*a + 34. Let w be r(-37). Let g be y(w). What is the highest common divisor of 18 and g?
9
Let a(x) be the second derivative of -x**5/20 - 17*x**4/12 - x**3/3 - 37*x**2/2 - 126*x. Let o be a(-18). What is the highest common divisor of o and 19?
19
Let u be -2 + (-483)/(-2) - (-152)/304. What is the greatest common factor of u and 4860?
60
Let d(i) = 141*i - 1581. Let s be d(32). Calculate the greatest common divisor of s and 9.
3
Suppose -3*c = -2*y - 1887 + 1367, 4*c + 4*y - 780 = 0. Let r be (13*35 + 0)*1. Calculate the highest common divisor of r and c.
91
Suppose -3*i + 360 = -0*i. Let k(u) = u**3 - 7*u**2 + 9*u - 13. Let p be k(6). Suppose -89 - 11 = -p*z. What is the greatest common divisor of i and z?
20
Let b(z) = -213*z + 2576. Let k be b(12). Calculate the highest common factor of 1916 and k.
4
Let v = -35971 - -55776. Calculate the highest common divisor of 233 and v.
233
Let v be 1/(-2) - 209/(-2). Let d = -648 - -671. Suppose -g = 2*j - d, -42 = 62*j - 65*j + g. What is the greatest common factor of v and j?
13
Suppose b - 5*s - 1130 = 0, 4*b - 4615 = 10*s - 9*s. What is the highest common factor of b and 66?
33
Let y = 47 - 9. Suppose 297*m = 295*m - 4*z + 558, -446 = -2*m + 3*z. Calculate the highest common factor of y and m.
19
Let p(y) = -y**2 + 749*y + 9916. Let o be p(-13). Let u(z) = -z**2 - 9*z + 7. Let w be u(-8). What is the highest common divisor of w and o?
5
Suppose 0 = -2*i - 3*v + 81 + 65, 340 = 5*i - 5*v. What is the highest common factor of 623 and i?
7
Suppose -4*w = -24, 2*f + 39 = -2*w + 125. What is the greatest common divisor of f and 6697?
37
Let y = -47 - -60. Suppose 24*n + 748 = y*n. Let c = n + 80. Calculate the greatest common factor of c and 12.
12
Let t(h) = -h + 1. Let c(k) be the first derivative of 4*k**2 + 11. Let z(m) = -c(m) - 2*t(m). Let p be z(-4). What is the highest common factor of p and 22?
22
Let o be -8 + ((-742)/(-10) - 3/135*9). What is the highest common divisor of 3135 and o?
33
Let l(d) = 76*d - 289. Let x be l(-18). Let v = -1108 - x. Calculate the greatest common divisor of v and 122.
61
Suppose 5*c - 4*q - 3811 = 0, 3*c + 1037 = -2*q + 3306. Calculate the greatest common divisor of 1587 and c.
69
Let y be 2 - -5*(-1344)/(-120). Calculate the greatest common factor of y and 15254.
58
Let t(y) = -y**2 - 15*y. Let r be t(-15). Let j(q) = -2*q + 5 - 10 + r*q. Let x be j(-12). What is the greatest common divisor of 95 and x?
19
Let k(t) = 44091*t**2 + 8*t + 14. Let a be k(1). What is the highest common factor of 31 and a?
31
Suppose 5*y = -86*b + 81*b + 19330, -2*y + 11594 = 3*b. What is the greatest common divisor of b and 2?
2
Let j = -91 - -93. Let w(h) = 6*h**3 - 3*h**2 + 2. Let z be w(j). What is the greatest common factor of 304 and z?
38
Let m(g) = 5*g**3 - 6*g**2 + 17*g - 136. Let z be m(5). Let h = -82 + 188. Calculate the highest common divisor of z and h.
106
Let w = 93 - 91. Suppose 4*z = k + 36, 4*z - 36 = k + w*k. What is the greatest common factor of z and 27?
9
Let j = -5384 + 5790. What is the highest common divisor of j and 1682?
58
Let j = -811 + 1315. Let w = -476 + j. Let o = 44 + -2. Calculate the greatest common divisor of w and o.
14
Let j = 2571 - 1889. What is the highest common divisor of 496 and j?
62
Suppose -p - 2*p + 18 = 0. Suppose -3*s + 6 = -p. Let m = -180149 + 180155. What is the highest common divisor of s and m?
2
Let t be (-8092)/(-5202) + (-188)/(-18). Suppose 7 = 2*s - 73. What is the greatest common factor of s and t?
4
Let g(r) = 15*r**2 + 538*r + 7. Let z be g(-36). What is the highest common factor of 6794 and z?
79
Let q = 1431 - 1451. Let f be (28/q)/(42/(-6930)). Suppose 0 = -p + 2*g + 27, 3*p - 48 = 3*g - 8*g. Calculate the greatest common divisor of f and p.
21
Let t = 3184 - 2323. Calculate the greatest common divisor of t and 42.
21
Suppose -2781 = -4*r + x, -2*r + 447 = -3*x - 946. What is the greatest common divisor of 3753 and r?
139
Suppose 5*i - 382 + 32 = 0. Let l be (-32)/(-24) - 12/9. Suppose -16*f + 20*f - 40 = l. What is the greatest common factor of f and i?
10
Suppose -16*q - 436 = -18*q - 2*o, -q + 7*o = -210. Suppose w - 93 = -2*w. What is the greatest common factor of q and w?
31
Let l(d) = -d**3 + 21*d**2 - 22*d + 45. Let y be l(20). Suppose 2*a + 3*n - 6 = 0, -3*n + 10 = 3*a - y. Calculate the greatest common factor of a and 144.
9
Suppose 3*k = 0, 148 = 4*o - 4*k + 32. Suppose 0 = -9*t + o + 7. Calculate the greatest common divisor of 28 and t.
4
Suppose 1711 = 34